{"id":6855,"date":"2026-03-18T23:28:52","date_gmt":"2026-03-18T23:28:52","guid":{"rendered":"https:\/\/bullet24.shop\/?post_type=product&#038;p=6855"},"modified":"2026-03-27T21:04:45","modified_gmt":"2026-03-27T21:04:45","slug":"graviola-leaf-30-capsulas-formulation-maker","status":"publish","type":"product","link":"https:\/\/bullet24.shop\/?product=graviola-leaf-30-capsulas-formulation-maker","title":{"rendered":"Graviola Leaf 30 C\u00e1psulas"},"content":{"rendered":"<p><strong>Graviola Leaf 30 c\u00e1psulas de Formulation Maker<\/strong>\u00a0es un suplemento natural elaborado a partir de hojas de graviola, conocido por su uso tradicional en el apoyo al bienestar general.<\/p>\n<p>La graviola es una planta valorada por sus propiedades naturales y su uso en diferentes culturas como complemento para el equilibrio del organismo.<\/p>\n<h2>\u00bfPara qu\u00e9 sirve la graviola?<\/h2>\n<p>Este suplemento es ideal para personas que buscan incorporar ingredientes naturales a su rutina de bienestar diario.<\/p>\n<h3>Beneficios principales<\/h3>\n<ul>\n<li>Apoya el bienestar general<\/li>\n<li>Contribuye al equilibrio del organismo<\/li>\n<li>Fuente natural de compuestos vegetales<\/li>\n<li>Ideal como complemento diario<\/li>\n<li>Formato pr\u00e1ctico en c\u00e1psulas<\/li>\n<\/ul>\n<h3>Caracter\u00edsticas del product<\/h3>\n<table border=\"1\" cellpadding=\"10\">\n<tbody>\n<tr>\n<td><strong>Contenido<\/strong><\/td>\n<td>30 c\u00e1psulas<\/td>\n<\/tr>\n<tr>\n<td><strong>Formato<\/strong><\/td>\n<td>C\u00e1psulas<\/td>\n<\/tr>\n<tr>\n<td><strong>Ingrediente principal<\/strong><\/td>\n<td>Hoja de graviola<\/td>\n<\/tr>\n<tr>\n<td><strong>Marca<\/strong><\/td>\n<td>Formulation Maker<\/td>\n<\/tr>\n<tr>\n<td><strong>Uso recomendado<\/strong><\/td>\n<td>Suplementaci\u00f3n diaria<\/td>\n<\/tr>\n<\/tbody>\n<\/table>\n<h3>Compra graviola en Costa Rica<\/h3>\n<p>Incorpor\u00e1 la graviola en tu rutina como un complemento natural para apoyar tu bienestar diario de forma pr\u00e1ctica.<\/p>\n","protected":false},"excerpt":{"rendered":"<p><strong>Graviola Leaf 30 c\u00e1psulas de Formulation Maker<\/strong>\u00a0es un suplemento natural elaborado a partir de hojas de graviola, conocido por su uso tradicional en el apoyo al bienestar general.<\/p>\n<p>La graviola es una planta valorada por sus propiedades naturales y su uso en diferentes culturas como complemento para el equilibrio del organismo.<\/p>\n<p>&nbsp;<\/p>\n<h2>\u00bfPara qu\u00e9 sirve la graviola?<\/h2>\n<p>&nbsp;<\/p>\n<p>Este suplemento es ideal para personas que buscan incorporar ingredientes naturales a su rutina de bienestar diario.<\/p>\n<p>&nbsp;<\/p>\n<h3>Beneficios principales<\/h3>\n<p>&nbsp;<\/p>\n<ul>\n<li>Apoya el bienestar general<\/li>\n<li>Contribuye al equilibrio del organismo<\/li>\n<li>Fuente natural de compuestos vegetales<\/li>\n<li>Ideal como complemento diario<\/li>\n<li>Formato pr\u00e1ctico en c\u00e1psulas<\/li>\n<\/ul>\n<p>&nbsp;<\/p>\n<h3>Caracter\u00edsticas del producto<\/h3>\n<p>&nbsp;<\/p>\n<table border=\"1\" cellpadding=\"10\">\n<tbody>\n<tr>\n<td><strong>Contenido<\/strong><\/td>\n<td>30 c\u00e1psulas<\/td>\n<\/tr>\n<tr>\n<td><strong>Formato<\/strong><\/td>\n<td>C\u00e1psulas<\/td>\n<\/tr>\n<tr>\n<td><strong>Ingrediente principal<\/strong><\/td>\n<td>Hoja de graviola<\/td>\n<\/tr>\n<tr>\n<td><strong>Marca<\/strong><\/td>\n<td>Formulation Maker<\/td>\n<\/tr>\n<tr>\n<td><strong>Uso recomendado<\/strong><\/td>\n<td>Suplementaci\u00f3n diaria<\/td>\n<\/tr>\n<\/tbody>\n<\/table>\n<p>&nbsp;<\/p>\n<h3>Compra graviola en Costa Rica<\/h3>\n<p>&nbsp;<\/p>\n<p>Incorpor\u00e1 la graviola en tu rutina como un complemento natural para apoyar tu bienestar diario de forma pr\u00e1ctica.<\/p>\n","protected":false},"featured_media":6858,"comment_status":"open","ping_status":"closed","template":"","meta":[],"product_cat":[252],"product_tag":[109,146,143,144,145,139,76],"class_list":{"0":"post-6855","1":"product","2":"type-product","3":"status-publish","4":"has-post-thumbnail","6":"product_brand-formulation-makers","7":"product_cat-sistema-inmune","8":"product_tag-bienestar","9":"product_tag-extractos-naturales","10":"product_tag-graviola","11":"product_tag-graviola-costa-rica","12":"product_tag-salud-natural","13":"product_tag-suplemento-natural","14":"product_tag-suplementos-costa-rica","15":"pa_presentacion-capsulas","17":"first","18":"instock","19":"shipping-taxable","20":"purchasable","21":"product-type-simple"},"yoast_head":"<!-- This site is optimized with the Yoast SEO plugin v27.0 - https:\/\/yoast.com\/product\/yoast-seo-wordpress\/ -->\n<title>Graviola en Costa Rica | Suplemento Natural en C\u00e1psulas<\/title>\n<meta name=\"description\" content=\"Compra graviola en Costa Rica. Suplemento natural en c\u00e1psulas que apoya el bienestar general. Presentaci\u00f3n de 30 c\u00e1psulas.\" \/>\n<meta name=\"robots\" content=\"index, follow, max-snippet:-1, max-image-preview:large, max-video-preview:-1\" \/>\n<link rel=\"canonical\" href=\"https:\/\/bullet24.shop\/producto\/graviola-leaf-30-capsulas-formulation-maker\/\" \/>\n<meta property=\"og:locale\" content=\"es_ES\" \/>\n<meta property=\"og:type\" content=\"article\" \/>\n<meta property=\"og:title\" content=\"Graviola en Costa Rica | Suplemento Natural en C\u00e1psulas\" \/>\n<meta property=\"og:description\" content=\"Compra graviola en Costa Rica. Suplemento natural en c\u00e1psulas que apoya el bienestar general. Presentaci\u00f3n de 30 c\u00e1psulas.\" \/>\n<meta property=\"og:url\" content=\"https:\/\/bullet24.shop\/producto\/graviola-leaf-30-capsulas-formulation-maker\/\" \/>\n<meta property=\"og:site_name\" content=\"Bullet24\" \/>\n<meta property=\"article:modified_time\" content=\"2026-03-27T21:04:45+00:00\" \/>\n<meta property=\"og:image\" content=\"https:\/\/bullet24.shop\/wp-content\/uploads\/2026\/03\/Graviola-Leaf-30-Ca\u0301psulas.png\" \/>\n\t<meta property=\"og:image:width\" content=\"1200\" \/>\n\t<meta property=\"og:image:height\" content=\"1200\" \/>\n\t<meta property=\"og:image:type\" content=\"image\/png\" \/>\n<meta name=\"twitter:card\" content=\"summary_large_image\" \/>\n<meta name=\"twitter:label1\" content=\"Tiempo de lectura\" \/>\n\t<meta name=\"twitter:data1\" content=\"1 minuto\" \/>\n<script type=\"application\/ld+json\" class=\"yoast-schema-graph\">{\"@context\":\"https:\/\/schema.org\",\"@graph\":[{\"@type\":\"WebPage\",\"@id\":\"https:\/\/bullet24.shop\/producto\/graviola-leaf-30-capsulas-formulation-maker\/\",\"url\":\"https:\/\/bullet24.shop\/producto\/graviola-leaf-30-capsulas-formulation-maker\/\",\"name\":\"Graviola en Costa Rica | Suplemento Natural en C\u00e1psulas\",\"isPartOf\":{\"@id\":\"https:\/\/bullet24.shop\/#website\"},\"primaryImageOfPage\":{\"@id\":\"https:\/\/bullet24.shop\/producto\/graviola-leaf-30-capsulas-formulation-maker\/#primaryimage\"},\"image\":{\"@id\":\"https:\/\/bullet24.shop\/producto\/graviola-leaf-30-capsulas-formulation-maker\/#primaryimage\"},\"thumbnailUrl\":\"https:\/\/bullet24.shop\/wp-content\/uploads\/2026\/03\/Graviola-Leaf-30-Ca\u0301psulas.png\",\"datePublished\":\"2026-03-18T23:28:52+00:00\",\"dateModified\":\"2026-03-27T21:04:45+00:00\",\"description\":\"Compra graviola en Costa Rica. Suplemento natural en c\u00e1psulas que apoya el bienestar general. Presentaci\u00f3n de 30 c\u00e1psulas.\",\"breadcrumb\":{\"@id\":\"https:\/\/bullet24.shop\/producto\/graviola-leaf-30-capsulas-formulation-maker\/#breadcrumb\"},\"inLanguage\":\"es\",\"potentialAction\":[{\"@type\":\"ReadAction\",\"target\":[\"https:\/\/bullet24.shop\/producto\/graviola-leaf-30-capsulas-formulation-maker\/\"]}]},{\"@type\":\"ImageObject\",\"inLanguage\":\"es\",\"@id\":\"https:\/\/bullet24.shop\/producto\/graviola-leaf-30-capsulas-formulation-maker\/#primaryimage\",\"url\":\"https:\/\/bullet24.shop\/wp-content\/uploads\/2026\/03\/Graviola-Leaf-30-Ca\u0301psulas.png\",\"contentUrl\":\"https:\/\/bullet24.shop\/wp-content\/uploads\/2026\/03\/Graviola-Leaf-30-Ca\u0301psulas.png\",\"width\":1200,\"height\":1200},{\"@type\":\"BreadcrumbList\",\"@id\":\"https:\/\/bullet24.shop\/producto\/graviola-leaf-30-capsulas-formulation-maker\/#breadcrumb\",\"itemListElement\":[{\"@type\":\"ListItem\",\"position\":1,\"name\":\"Home\",\"item\":\"https:\/\/bullet24.shop\/\"},{\"@type\":\"ListItem\",\"position\":2,\"name\":\"Tienda\",\"item\":\"https:\/\/bullet24.shop\/tienda\/\"},{\"@type\":\"ListItem\",\"position\":3,\"name\":\"Graviola Leaf 30 C\u00e1psulas\"}]},{\"@type\":\"WebSite\",\"@id\":\"https:\/\/bullet24.shop\/#website\",\"url\":\"https:\/\/bullet24.shop\/\",\"name\":\"Bullet24\",\"description\":\"\",\"publisher\":{\"@id\":\"https:\/\/bullet24.shop\/#organization\"},\"potentialAction\":[{\"@type\":\"SearchAction\",\"target\":{\"@type\":\"EntryPoint\",\"urlTemplate\":\"https:\/\/bullet24.shop\/?s={search_term_string}\"},\"query-input\":{\"@type\":\"PropertyValueSpecification\",\"valueRequired\":true,\"valueName\":\"search_term_string\"}}],\"inLanguage\":\"es\"},{\"@type\":\"Organization\",\"@id\":\"https:\/\/bullet24.shop\/#organization\",\"name\":\"Bullet24\",\"url\":\"https:\/\/bullet24.shop\/\",\"logo\":{\"@type\":\"ImageObject\",\"inLanguage\":\"es\",\"@id\":\"https:\/\/bullet24.shop\/#\/schema\/logo\/image\/\",\"url\":\"https:\/\/bullet24.shop\/wp-content\/uploads\/2025\/10\/Mask-group.png\",\"contentUrl\":\"https:\/\/bullet24.shop\/wp-content\/uploads\/2025\/10\/Mask-group.png\",\"width\":1483,\"height\":385,\"caption\":\"Bullet24\"},\"image\":{\"@id\":\"https:\/\/bullet24.shop\/#\/schema\/logo\/image\/\"}}]}<\/script>\n<!-- \/ Yoast SEO plugin. -->","yoast_head_json":{"title":"Graviola en Costa Rica | Suplemento Natural en C\u00e1psulas","description":"Compra graviola en Costa Rica. Suplemento natural en c\u00e1psulas que apoya el bienestar general. Presentaci\u00f3n de 30 c\u00e1psulas.","robots":{"index":"index","follow":"follow","max-snippet":"max-snippet:-1","max-image-preview":"max-image-preview:large","max-video-preview":"max-video-preview:-1"},"canonical":"https:\/\/bullet24.shop\/producto\/graviola-leaf-30-capsulas-formulation-maker\/","og_locale":"es_ES","og_type":"article","og_title":"Graviola en Costa Rica | Suplemento Natural en C\u00e1psulas","og_description":"Compra graviola en Costa Rica. Suplemento natural en c\u00e1psulas que apoya el bienestar general. Presentaci\u00f3n de 30 c\u00e1psulas.","og_url":"https:\/\/bullet24.shop\/producto\/graviola-leaf-30-capsulas-formulation-maker\/","og_site_name":"Bullet24","article_modified_time":"2026-03-27T21:04:45+00:00","og_image":[{"width":1200,"height":1200,"url":"https:\/\/bullet24.shop\/wp-content\/uploads\/2026\/03\/Graviola-Leaf-30-Ca\u0301psulas.png","type":"image\/png"}],"twitter_card":"summary_large_image","twitter_misc":{"Tiempo de lectura":"1 minuto"},"schema":{"@context":"https:\/\/schema.org","@graph":[{"@type":"WebPage","@id":"https:\/\/bullet24.shop\/producto\/graviola-leaf-30-capsulas-formulation-maker\/","url":"https:\/\/bullet24.shop\/producto\/graviola-leaf-30-capsulas-formulation-maker\/","name":"Graviola en Costa Rica | Suplemento Natural en C\u00e1psulas","isPartOf":{"@id":"https:\/\/bullet24.shop\/#website"},"primaryImageOfPage":{"@id":"https:\/\/bullet24.shop\/producto\/graviola-leaf-30-capsulas-formulation-maker\/#primaryimage"},"image":{"@id":"https:\/\/bullet24.shop\/producto\/graviola-leaf-30-capsulas-formulation-maker\/#primaryimage"},"thumbnailUrl":"https:\/\/bullet24.shop\/wp-content\/uploads\/2026\/03\/Graviola-Leaf-30-Ca\u0301psulas.png","datePublished":"2026-03-18T23:28:52+00:00","dateModified":"2026-03-27T21:04:45+00:00","description":"Compra graviola en Costa Rica. Suplemento natural en c\u00e1psulas que apoya el bienestar general. Presentaci\u00f3n de 30 c\u00e1psulas.","breadcrumb":{"@id":"https:\/\/bullet24.shop\/producto\/graviola-leaf-30-capsulas-formulation-maker\/#breadcrumb"},"inLanguage":"es","potentialAction":[{"@type":"ReadAction","target":["https:\/\/bullet24.shop\/producto\/graviola-leaf-30-capsulas-formulation-maker\/"]}]},{"@type":"ImageObject","inLanguage":"es","@id":"https:\/\/bullet24.shop\/producto\/graviola-leaf-30-capsulas-formulation-maker\/#primaryimage","url":"https:\/\/bullet24.shop\/wp-content\/uploads\/2026\/03\/Graviola-Leaf-30-Ca\u0301psulas.png","contentUrl":"https:\/\/bullet24.shop\/wp-content\/uploads\/2026\/03\/Graviola-Leaf-30-Ca\u0301psulas.png","width":1200,"height":1200},{"@type":"BreadcrumbList","@id":"https:\/\/bullet24.shop\/producto\/graviola-leaf-30-capsulas-formulation-maker\/#breadcrumb","itemListElement":[{"@type":"ListItem","position":1,"name":"Home","item":"https:\/\/bullet24.shop\/"},{"@type":"ListItem","position":2,"name":"Tienda","item":"https:\/\/bullet24.shop\/tienda\/"},{"@type":"ListItem","position":3,"name":"Graviola Leaf 30 C\u00e1psulas"}]},{"@type":"WebSite","@id":"https:\/\/bullet24.shop\/#website","url":"https:\/\/bullet24.shop\/","name":"Bullet24","description":"","publisher":{"@id":"https:\/\/bullet24.shop\/#organization"},"potentialAction":[{"@type":"SearchAction","target":{"@type":"EntryPoint","urlTemplate":"https:\/\/bullet24.shop\/?s={search_term_string}"},"query-input":{"@type":"PropertyValueSpecification","valueRequired":true,"valueName":"search_term_string"}}],"inLanguage":"es"},{"@type":"Organization","@id":"https:\/\/bullet24.shop\/#organization","name":"Bullet24","url":"https:\/\/bullet24.shop\/","logo":{"@type":"ImageObject","inLanguage":"es","@id":"https:\/\/bullet24.shop\/#\/schema\/logo\/image\/","url":"https:\/\/bullet24.shop\/wp-content\/uploads\/2025\/10\/Mask-group.png","contentUrl":"https:\/\/bullet24.shop\/wp-content\/uploads\/2025\/10\/Mask-group.png","width":1483,"height":385,"caption":"Bullet24"},"image":{"@id":"https:\/\/bullet24.shop\/#\/schema\/logo\/image\/"}}]}},"_links":{"self":[{"href":"https:\/\/bullet24.shop\/index.php?rest_route=\/wp\/v2\/product\/6855","targetHints":{"allow":["GET"]}}],"collection":[{"href":"https:\/\/bullet24.shop\/index.php?rest_route=\/wp\/v2\/product"}],"about":[{"href":"https:\/\/bullet24.shop\/index.php?rest_route=\/wp\/v2\/types\/product"}],"replies":[{"embeddable":true,"href":"https:\/\/bullet24.shop\/index.php?rest_route=%2Fwp%2Fv2%2Fcomments&post=6855"}],"wp:featuredmedia":[{"embeddable":true,"href":"https:\/\/bullet24.shop\/index.php?rest_route=\/wp\/v2\/media\/6858"}],"wp:attachment":[{"href":"https:\/\/bullet24.shop\/index.php?rest_route=%2Fwp%2Fv2%2Fmedia&parent=6855"}],"wp:term":[{"taxonomy":"product_cat","embeddable":true,"href":"https:\/\/bullet24.shop\/index.php?rest_route=%2Fwp%2Fv2%2Fproduct_cat&post=6855"},{"taxonomy":"product_tag","embeddable":true,"href":"https:\/\/bullet24.shop\/index.php?rest_route=%2Fwp%2Fv2%2Fproduct_tag&post=6855"}],"curies":[{"name":"wp","href":"https:\/\/api.w.org\/{rel}","templated":true}]}}